dreds digit of h - (0*(4 + -3) + -228)?
2
Suppose -u - 2*u = 4*l + 8, -6 = 3*u + 3*l. Suppose u = -5*s - n - 1137, -2*n + 223 = s - 2*s. Let d = 335 + s. What is the tens digit of d?
0
Let g be 3105/8 - (497/(-56) - -9). Suppose -2*k + g = 2*v, -5*k + 492 + 494 = v. What is the tens digit of k?
9
Let s = -156 - -121. Let y = s + 46. What is the tens digit of (21 - y)*52/10?
5
Let m = -1053 + 1797. Suppose 3*z + 5*r = m + 776, -2*z + 980 = -5*r. What is the hundreds digit of z?
5
Suppose -7*z - 3*s + 812 = -3*z, 5*s - 20 = 0. What is the hundreds digit of (z/(-125))/(2/(-515))?
4
Let d = 151 + -331. Let x(o) = 42*o + 191. Let i be x(3). Let c = d + i. What is the units digit of c?
7
Let d be ((-30)/(-2))/(-5) + -14. Let f(k) = -k**3 - 15*k**2 + 9*k - 6. What is the tens digit of f(d)?
1
Suppose -644*x + 16033202 = -194*x - 6292648. What is the hundreds digit of x?
6
Let u = -276 - -280. Suppose 0 = -d + u*g + 159, -g - 95 = -2*d + 188. What is the tens digit of d?
3
Let i be ((-5)/(-3))/(16/(-24))*2. What is the hundreds digit of 3 - (-3 - (791 - i))?
8
Let v = -202 - -290. Let o = v - -30. What is the units digit of o?
8
Let s = -19 + 151. Suppose -4*p + 17 = 3*l, 2*l - 7*l + 5*p = -40. Suppose s = 2*b - l*x + 3*x, x - 81 = -b. What is the units digit of b?
6
Let v be 14*(498/18)/(2/(-3)). Let l = v + 844. Suppose -9*c + l = -331. What is the units digit of c?
6
Suppose -188*k - 18527 = -191*k + 7195. What is the thousands digit of k?
8
Suppose 5*s = i + 3320, 2*i + 2*i + 2672 = 4*s. What is the tens digit of (-3)/(-6 - s/(-111))?
1
Let x = 25644 + -4221. What is the tens digit of x?
2
Let x be (-30 - -60)*(-1)/(-4)*94. Let z = -1073 + x. Let g = -229 - z. What is the tens digit of g?
3
Suppose -19*r + 14*r + 70 = 0. Suppose r*j = 9*j + 1655. What is the tens digit of j?
3
Suppose -4*n = 5*v - 35, 0 = -3*v + 13*n - 9*n - 11. What is the hundreds digit of 1 + 1 + v - (-386 - 75)?
4
What is the tens digit of ((-2)/4)/(3/(-20502))?
1
Let u(v) = 326*v**2 - 61*v + 50. What is the thousands digit of u(-5)?
8
Let i(h) = 6*h**2 - h. Let r be i(1). Suppose -r*l + 44 = -4*o, 2*l = -o + 4*o + 33. What is the units digit of (-4)/22 - 761/o?
9
Suppose 0 = 133*q - 140*q + 39704. Suppose -2*d + 6*d = 4*f + q, -3*d + 4272 = 3*f. What is the thousands digit of d?
1
Let p = 6 + -6. Suppose p*z = z - 7. What is the units digit of z?
7
Let f = -1343 + 3704. What is the hundreds digit of f?
3
Let m = -6072 - -8865. What is the thousands digit of m?
2
Let n = 55 + -41. Let l(k) = -2*k**2 + 15*k + 1. Let g be l(n). Let p = -96 - g. What is the units digit of p?
5
Suppose -30831 = -17*k + 72206. What is the thousands digit of k?
6
Let f be 4057/7 - (120/35)/(-8). Suppose 765 = -579*b + f*b. What is the tens digit of b?
6
Suppose -8*s + 7*s = 4. Let q(p) = p**3 + 8*p**2 - 5*p - 9. What is the tens digit of q(s)?
7
Suppose 6*t - 245 = t. Let w = t - 45. Suppose 2*l = w*j + 202, 392 = 4*l + j - 30. What is the units digit of l?
5
Suppose c - 47597 = -n, -3*n + c + 142786 = 3*c. What is the hundreds digit of n?
5
Let z(r) = 236*r**2 + 40*r + 3. Let k be z(2). Let v = -729 + k. What is the hundreds digit of v?
2
Suppose 21*b - 37 = 47. Suppose -y = -4*v - 798, -b*y - 2*v + 2793 = -363. What is the tens digit of y?
9
What is the hundreds digit of 32/(16/(-4)) - -2166?
1
What is the thousands digit of (16464/(-7))/((-91)/14 - -6)?
4
Suppose p - 3*h = -0*h + 31, 5*h = 2*p - 61. Suppose f - 52 = 4*j, 0 = 2*f + 2*j - p - 46. Suppose -42*q + 74 = -f*q. What is the units digit of q?
7
Let h(t) = 11*t**2 + 96*t - 925. What is the thousands digit of h(10)?
1
Suppose 41*a + 2*a - 258 = 0. Suppose -i - 369 = -2*s, a*i - i = -2*s + 387. What is the hundreds digit of s?
1
Suppose 14 = -18*d - 58. What is the hundreds digit of (-2)/d - (19800/(-16))/9?
1
Let w(f) = 8*f**2 + 5*f - 6. Let t be w(1). Suppose -3*c - 5 = 2*b, -5*b + 2*c = t*c. Suppose -x + 4*m = -57, -m + 307 = b*x + m. What is the units digit of x?
1
Suppose -80399 = -11*n + 64915 - 45313. What is the hundreds digit of n?
0
Let i be (6/(-15))/(2/(-10)). Suppose i*u - u + 2*o = 42, -5*u + 3*o + 275 = 0. Let w = 252 - u. What is the tens digit of w?
0
Let g(k) = k**2 + 10*k - 8. Suppose 40 = -6*x - 26. Let w be g(x). Suppose v = -w*b - v + 107, 4*b - 4*v = 176. What is the units digit of b?
9
What is the tens digit of (10 + -5 - 4)/((-6)/(-11802))?
6
Suppose -4*k - 2340 = 4*c, 5*c + 1756 = -3*k + 3*c. Let r = k - -1045. What is the hundreds digit of r?
4
Suppose -3*w - 5*y + 37 = 0, -4*y - 111 = -2*w - 3*w. Suppose -w = 6*r - 7. What is the units digit of 59*(1 + 2 + r)?
9
Let p(x) = 52*x + 34 + 48*x**2 - x**3 - 24*x**2 - 16*x. What is the units digit of p(25)?
9
Let o(d) = -d**3 + 4*d**2 + 18*d - 26. Let f be o(6). Suppose 22*b - f*b = 3624. What is the units digit of b?
2
Let w = 9913 + -3513. What is the tens digit of w?
0
Let n = 25 + -21. Suppose n*b + 7 = -3*o, b - o + 18 = -5*o. What is the tens digit of (36/(2 + b))/(3/34)?
0
Let v(p) = 42*p**2 - 82*p - 1011. What is the tens digit of v(-16)?
5
What is the tens digit of (260890/(-112)*(-2)/(-5))/((-3)/48)?
0
Let x be (-9)/(-2) - ((-105)/(-10))/7. Suppose x*n - 599 = 2263. What is the units digit of n?
4
Let w(p) = -p**2 - 4*p + 4. Let f = 60 + -65. Let o be w(f). What is the hundreds digit of 2/(((-278)/(-274) + o)*1)?
1
What is the tens digit of 6/(-5) + ((-1036)/50)/((-5)/175)?
2
Suppose 21*f - 142947 = 72471. Suppose -33*h + 10*h = -f. What is the hundreds digit of h?
4
Let l be 106 - (-2 + (-2)/(-1)). Suppose -l*t = -108*t + 3212. What is the units digit of t?
6
Let a = 0 - -7. Suppose -78 = 34*x - 40*x. Suppose x*z - a*z - 1074 = 0. What is the hundreds digit of z?
1
Let i(n) = n**2 - 8*n + 22. Suppose 5 = w - 4*s - 4, -5*w = 5*s - 20. Let z be i(w). Suppose 3*a + 96 = z*a. What is the tens digit of a?
2
What is the hundreds digit of (-13719)/48*-4 + 1/(-4)?
1
Suppose -j = -5*w + 47 - 217, -120 = 3*w + 3*j. Let q = -33 - w. Suppose -q*d = 2*d - 904. What is the tens digit of d?
2
Let n = -202 + 174. Let g(j) = j**2 - 22*j - 61. What is the thousands digit of g(n)?
1
Let s be (10/(-10))/(-1 + (-5)/(-4)). Let k be -83*(-2 - (-12)/s). Suppose 5*p - 395 - k = 0. What is the hundreds digit of p?
1
Suppose -5*i - 14 = -2*m, -9 = -0*m - m + 3*i. Let w be (-24)/(-8) - -27*(2 - m). Suppose -w - 382 = -5*x. What is the tens digit of x?
0
Suppose 28*f + 2142 + 826 = 0. What is the hundreds digit of (-4)/(213/f + 2)?
4
Let s be (-473)/44 + 11 + (-195)/(-4). Let a = s + 858. What is the tens digit of a?
0
Suppose -7*p + 47 - 19 = 0. Suppose -2*w + i = 3 - 68, 0 = 4*i - p. Suppose o - w + 8 = 0. What is the tens digit of o?
2
Let o = -1008 - -2928. What is the tens digit of o?
2
Let l(k) = -68*k - 263. What is the hundreds digit of l(-6)?
1
Suppose 4*l - 52350 = -2*p, 5*p + 3*l = 10*l + 130722. What is the thousands digit of p?
6
Let k(c) be the second derivative of -6*c**3 + 41*c**2/2 - 15*c + 1. What is the tens digit of k(-18)?
8
What is the hundreds digit of ((-6)/(-3)*-1)/7 - (-1675197)/119?
0
What is the thousands digit of -1 + (-1 - -11)*6/10 + 3227?
3
Let s(f) = 8*f - 37. Let m(k) = 4*k - 3. Let j be m(2). Let l be s(j). Suppose 2*z = 4*a - 274, 8*z = 3*a + l*z - 202. What is the units digit of a?
9
Let o be (3/(-1))/((-3)/7). Suppose -2 = 3*b + o. What is the units digit of (-12)/(-9)*b - -44?
0
Suppose -145627 = -24*i - 19003. What is the units digit of i?
6
Let q be 2 + -2*1 - (16 - -498). Let o = q - -720. Suppose -6*g + 1022 = o. What is the units digit of g?
6
Let x = 140360 + -71713. What is the hundreds digit of x?
6
Suppose -z + 0 = 10. Let h be (-40)/(-16)*((-18)/z + -1). What is the tens digit of (-2313)/(-15) + h/(-10)?
5
Let w(i) = -7*i - 10. Let p(b) = b - 1. Let f(y) = -4*p(y) + w(y). Let r be f(5). Let v = r - -90. What is the tens digit of v?
2
Let u(z) = 3*z + 56. Let d(w) = -w**2 + 6*w + 10. Let i be d(8). Let j = 3 - i. What is the tens digit of u(j)?
8
Let j be (-1 + (-9)/(-6))*0. Suppose j = -6*r + 15*r - 2817. What is the units digit of r?
3
Suppose -13094*c - 369577 = -13107*c. What is the hundreds digit of c?
4
Suppose -5*r - 2*k + 23 = 0, 0 = -3*k - k + 16. Suppose -r*j = h - 1109, 2*j - 699 - 38 = -3*h. What is the tens digit of j?
7
Le